{"id":38,"date":"2022-08-08T04:10:23","date_gmt":"2022-08-08T07:10:23","guid":{"rendered":"https:\/\/sindiracoes.org.br\/cursos\/?page_id=38"},"modified":"2026-02-03T09:06:37","modified_gmt":"2026-02-03T12:06:37","slug":"appcc-versao-codex-alimentarius-2020","status":"publish","type":"page","link":"https:\/\/sindiracoes.org.br\/cursos\/appcc-versao-codex-alimentarius-2020\/","title":{"rendered":"APPCC | Vers\u00e3o Codex Alimentarius 2020"},"content":{"rendered":"\t\t<div data-elementor-type=\"wp-page\" data-elementor-id=\"38\" class=\"elementor elementor-38\" data-elementor-post-type=\"page\">\n\t\t\t\t\t\t<section class=\"elementor-section elementor-top-section elementor-element elementor-element-cbd0d89 elementor-section-boxed elementor-section-height-default elementor-section-height-default\" data-id=\"cbd0d89\" data-element_type=\"section\" data-e-type=\"section\">\n\t\t\t\t\t\t<div class=\"elementor-container elementor-column-gap-default\">\n\t\t\t\t\t<div class=\"elementor-column elementor-col-100 elementor-top-column elementor-element elementor-element-d86eadc\" data-id=\"d86eadc\" data-element_type=\"column\" data-e-type=\"column\">\n\t\t\t<div class=\"elementor-widget-wrap elementor-element-populated\">\n\t\t\t\t\t\t<div class=\"elementor-element elementor-element-6ed878f elementor-widget elementor-widget-image\" data-id=\"6ed878f\" data-element_type=\"widget\" data-e-type=\"widget\" data-widget_type=\"image.default\">\n\t\t\t\t<div class=\"elementor-widget-container\">\n\t\t\t\t\t\t\t\t\t\t\t\t\t\t\t\t<a href=\"https:\/\/sindiracoes.org.br\" target=\"_blank\">\n\t\t\t\t\t\t\t<img fetchpriority=\"high\" decoding=\"async\" width=\"397\" height=\"300\" src=\"https:\/\/sindiracoes.org.br\/cursos\/wp-content\/uploads\/2024\/03\/s_cursos_vertical_1_397x300.svg\" class=\"attachment-full size-full wp-image-1201\" alt=\"\" \/>\t\t\t\t\t\t\t\t<\/a>\n\t\t\t\t\t\t\t\t\t\t\t\t\t\t\t<\/div>\n\t\t\t\t<\/div>\n\t\t\t\t\t<\/div>\n\t\t<\/div>\n\t\t\t\t\t<\/div>\n\t\t<\/section>\n\t\t\t\t<section class=\"elementor-section elementor-top-section elementor-element elementor-element-f1b5a21 elementor-section-height-min-height elementor-section-boxed elementor-section-height-default elementor-section-items-middle\" data-id=\"f1b5a21\" data-element_type=\"section\" data-e-type=\"section\" data-settings=\"{&quot;background_background&quot;:&quot;classic&quot;}\">\n\t\t\t\t\t\t<div class=\"elementor-container elementor-column-gap-default\">\n\t\t\t\t\t<div class=\"elementor-column elementor-col-100 elementor-top-column elementor-element elementor-element-da246b7\" data-id=\"da246b7\" data-element_type=\"column\" data-e-type=\"column\">\n\t\t\t<div class=\"elementor-widget-wrap elementor-element-populated\">\n\t\t\t\t\t\t<div class=\"elementor-element elementor-element-377da83 elementor-widget elementor-widget-heading\" data-id=\"377da83\" data-element_type=\"widget\" data-e-type=\"widget\" data-widget_type=\"heading.default\">\n\t\t\t\t<div class=\"elementor-widget-container\">\n\t\t\t\t\t<h1 class=\"elementor-heading-title elementor-size-default\">APPCC<\/h1>\t\t\t\t<\/div>\n\t\t\t\t<\/div>\n\t\t\t\t<div class=\"elementor-element elementor-element-66c7250 elementor-widget elementor-widget-heading\" data-id=\"66c7250\" data-element_type=\"widget\" data-e-type=\"widget\" data-widget_type=\"heading.default\">\n\t\t\t\t<div class=\"elementor-widget-container\">\n\t\t\t\t\t<h2 class=\"elementor-heading-title elementor-size-default\">VERS\u00c3O CODEX ALIMENTARIUS 2020<\/h2>\t\t\t\t<\/div>\n\t\t\t\t<\/div>\n\t\t\t\t<div class=\"elementor-element elementor-element-900b08a elementor-widget elementor-widget-heading\" data-id=\"900b08a\" data-element_type=\"widget\" data-e-type=\"widget\" data-widget_type=\"heading.default\">\n\t\t\t\t<div class=\"elementor-widget-container\">\n\t\t\t\t\t<h2 class=\"elementor-heading-title elementor-size-default\">O sistema APPCC revisado e atualizado.\n<\/h2>\t\t\t\t<\/div>\n\t\t\t\t<\/div>\n\t\t\t\t\t<\/div>\n\t\t<\/div>\n\t\t\t\t\t<\/div>\n\t\t<\/section>\n\t\t\t\t<section class=\"elementor-section elementor-top-section elementor-element elementor-element-590ae9a elementor-reverse-mobile elementor-section-boxed elementor-section-height-default elementor-section-height-default\" data-id=\"590ae9a\" data-element_type=\"section\" data-e-type=\"section\">\n\t\t\t\t\t\t<div class=\"elementor-container elementor-column-gap-default\">\n\t\t\t\t\t<div class=\"elementor-column elementor-col-50 elementor-top-column elementor-element elementor-element-a65bedd\" data-id=\"a65bedd\" data-element_type=\"column\" data-e-type=\"column\">\n\t\t\t<div class=\"elementor-widget-wrap elementor-element-populated\">\n\t\t\t\t\t\t<div class=\"elementor-element elementor-element-4e51ed6 elementor-widget elementor-widget-text-editor\" data-id=\"4e51ed6\" data-element_type=\"widget\" data-e-type=\"widget\" data-widget_type=\"text-editor.default\">\n\t\t\t\t<div class=\"elementor-widget-container\">\n\t\t\t\t\t\t\t\t\t<p>O sistema HACCP, de base cient\u00edfica e sistem\u00e1tica, identifica perigos espec\u00edficos e medidas para seu controle para garantir a seguran\u00e7a dos alimentos. HACCP \u00e9 uma ferramenta para avaliar os perigos e estabelecer sistemas de controle que se concentram em medidas de controle para perigos ao longo da cadeia de alimentos, ao inv\u00e9s de depender principalmente de testes do produto final. O desenvolvimento de um sistema de HACCP pode identificar a necessidade de mudan\u00e7as nos par\u00e2metros de processamento, nas etapas de processamento, na tecnologia de fabrica\u00e7\u00e3o, nas caracter\u00edsticas do produto final, no m\u00e9todo de distribui\u00e7\u00e3o, no uso pretendido ou nas BPFs aplicadas.<\/p>\n<p>Este curso tem como base a nova publica\u00e7\u00e3o do Codex Alimentarius para o HACCP que traz um texto mais detalhado e estruturado, novas defini\u00e7\u00f5es e especifica a aplica\u00e7\u00e3o da metodologia.<\/p>\n<p><span style=\"color: #1f5b06;\"><strong>DURA\u00c7\u00c3O:<\/strong><\/span> 16 horas de curso on-line ao vivo (8h30 \u00e0s 17h30 &#8211; 2 dias seguidos)<\/p>\n<p><span style=\"color: #1f5b06;\"><strong>INSTRUTORES:<\/strong><\/span> Leonardo Alves Pinto<\/p>\n<p><span style=\"color: #1f5b06;\"><strong>VAGAS:<\/strong><\/span> 15 pessoas<\/p>\n<p><span style=\"color: #1f5b06;\"><strong>P\u00daBLICO-ALVO:<\/strong><\/span> Ger\u00eancias, Supervisores, Chefes efetivos envolvidos na produ\u00e7\u00e3o e controle de qualidade e colaboradores.<\/p>\n<p><span style=\"color: #1f5b06;\"><strong>LOCAL:<br><\/strong><\/span><\/p>\n<p>Plataforma <strong><a href=\"https:\/\/zoom.us\/\" target=\"_blank\" rel=\"noopener\"><span style=\"color: #1f5b06;\">Zoom<\/span><\/a><\/strong> \u2013 Curso em formato on-line.<\/p>\n<p><span style=\"color: #ff0000;\">Aten\u00e7\u00e3o:<\/span> Para participa\u00e7\u00e3o no curso on-line, cada participante dever\u00e1 realizar um cadastro pr\u00e9vio no site do <span style=\"color: #1f5b06;\"><strong><a style=\"color: #1f5b06;\" href=\"https:\/\/zoom.us\/\" target=\"_blank\" rel=\"noopener\">Zoom<\/a><\/strong> (somente usu\u00e1rios autenticados podem ingressar no curso on-line, portanto \u00e9 obrigat\u00f3rio fazer\/criar login gratuito na ferramenta Zoom).<\/span><\/p>\n<p><span style=\"color: #1f5b06;\"><strong>MAIS INFORMA\u00c7\u00d5ES:<\/strong><\/span><\/p>\n<p>Telefone: (11) 3541-1212 Ramal 8 e 9<br>E-mail: qualidade@sindiracoes.org.br<\/p>\n<p>O curso em formato on-line somente ser\u00e1 confirmado ap\u00f3s preenchimento de no m\u00ednimo 10 (dez) vagas at\u00e9 uma semana antes da sua realiza\u00e7\u00e3o.<\/p>\n<p><span style=\"color: #1f5b06;\">Havendo o preenchimento da quantidade m\u00ednima de vagas, ou seja 10 (dez) alunos, o participante ap\u00f3s o pagamento e confirma\u00e7\u00e3o de sua inscri\u00e7\u00e3o receber\u00e1 com anteced\u00eancia via e-mail (o mesmo preenchido na ficha de inscri\u00e7\u00e3o) o convite contendo as informa\u00e7\u00f5es para participa\u00e7\u00e3o no curso on-line via plataforma Zoom. Em dias de curso on-line o participante inscrito dever\u00e1 clicar no link de acesso, na data e hora agendada.<\/span><\/p>\n<p>A inscri\u00e7\u00e3o inclui o treinamento, material did\u00e1tico de treinamento e certificado.<\/p>\n<p>Ao final da programa\u00e7\u00e3o ser\u00e1 emitido Certificado de Conclus\u00e3o no Curso de APPCC \u2013 An\u00e1lise de Perigos e Pontos Cr\u00edticos de Controle.<\/p>\n<p>O cancelamento da inscri\u00e7\u00e3o poder\u00e1 ser realizado at\u00e9 72 horas ap\u00f3s o pagamento, com devolu\u00e7\u00e3o de 70% do valor pago. Ap\u00f3s esse prazo n\u00e3o restitu\u00edmos o valor pago. O valor total pago somente ser\u00e1 restitu\u00eddo no caso da n\u00e3o confirma\u00e7\u00e3o do curso por falta do preenchimento de no m\u00ednimo 10 (dez) vagas.<\/p>\n<p><span style=\"color: #1f5b06;\"><strong>PROGRAMA:<\/strong><\/span><\/p>\n<p>\u2013 Introdu\u00e7\u00e3o<br>\u2013 Princ\u00edpios gerais<br>\u2013 Defini\u00e7\u00f5es<br>\u2013 Boas Pr\u00e1ticas de Higiene<br>\u2013 Aplica\u00e7\u00e3o do Sistema APPCC<br>\u2013 As 12 etapas<br>\u2013 Os 7 princ\u00edpios do APPCC<br>\u2013 Medidas de controles aplicadas como GHP x PCCs<br>\u2013 Exerc\u00edcios e din\u00e2micas<\/p>\t\t\t\t\t\t\t\t<\/div>\n\t\t\t\t<\/div>\n\t\t\t\t<div class=\"elementor-element elementor-element-d21a59b elementor-widget elementor-widget-button\" data-id=\"d21a59b\" data-element_type=\"widget\" data-e-type=\"widget\" data-widget_type=\"button.default\">\n\t\t\t\t<div class=\"elementor-widget-container\">\n\t\t\t\t\t\t\t\t\t<div class=\"elementor-button-wrapper\">\n\t\t\t\t\t<a class=\"elementor-button elementor-button-link elementor-size-sm\" href=\"https:\/\/sindiracoes.org.br\/cursos\/\">\n\t\t\t\t\t\t<span class=\"elementor-button-content-wrapper\">\n\t\t\t\t\t\t<span class=\"elementor-button-icon\">\n\t\t\t\t<i aria-hidden=\"true\" class=\"fas fa-angle-left\"><\/i>\t\t\t<\/span>\n\t\t\t\t\t\t\t\t\t<span class=\"elementor-button-text\">retornar \u00e0 p\u00e1gina inicial<\/span>\n\t\t\t\t\t<\/span>\n\t\t\t\t\t<\/a>\n\t\t\t\t<\/div>\n\t\t\t\t\t\t\t\t<\/div>\n\t\t\t\t<\/div>\n\t\t\t\t\t<\/div>\n\t\t<\/div>\n\t\t\t\t<div class=\"elementor-column elementor-col-50 elementor-top-column elementor-element elementor-element-ad8560a\" data-id=\"ad8560a\" data-element_type=\"column\" data-e-type=\"column\" data-settings=\"{&quot;background_background&quot;:&quot;classic&quot;}\">\n\t\t\t<div class=\"elementor-widget-wrap elementor-element-populated\">\n\t\t\t\t\t\t<section class=\"elementor-section elementor-inner-section elementor-element elementor-element-7af61fc elementor-section-boxed elementor-section-height-default elementor-section-height-default\" data-id=\"7af61fc\" data-element_type=\"section\" data-e-type=\"section\" data-settings=\"{&quot;background_background&quot;:&quot;classic&quot;,&quot;sticky&quot;:&quot;top&quot;,&quot;sticky_offset&quot;:40,&quot;sticky_effects_offset&quot;:80,&quot;sticky_parent&quot;:&quot;yes&quot;,&quot;sticky_on&quot;:[&quot;desktop&quot;,&quot;tablet&quot;,&quot;mobile&quot;]}\">\n\t\t\t\t\t\t<div class=\"elementor-container elementor-column-gap-default\">\n\t\t\t\t\t<div class=\"elementor-column elementor-col-100 elementor-inner-column elementor-element elementor-element-453aeef\" data-id=\"453aeef\" data-element_type=\"column\" data-e-type=\"column\">\n\t\t\t<div class=\"elementor-widget-wrap elementor-element-populated\">\n\t\t\t\t\t\t<div class=\"elementor-element elementor-element-e3dfc5a elementor-widget elementor-widget-image\" data-id=\"e3dfc5a\" data-element_type=\"widget\" data-e-type=\"widget\" data-widget_type=\"image.default\">\n\t\t\t\t<div class=\"elementor-widget-container\">\n\t\t\t\t\t\t\t\t\t\t\t\t\t\t\t<img decoding=\"async\" width=\"1024\" height=\"1024\" src=\"https:\/\/sindiracoes.org.br\/cursos\/wp-content\/uploads\/2023\/11\/Prancheta-1-1024x1024.png\" class=\"attachment-large size-large wp-image-921\" alt=\"\" srcset=\"https:\/\/sindiracoes.org.br\/cursos\/wp-content\/uploads\/2023\/11\/Prancheta-1-1024x1024.png 1024w, https:\/\/sindiracoes.org.br\/cursos\/wp-content\/uploads\/2023\/11\/Prancheta-1-300x300.png 300w, https:\/\/sindiracoes.org.br\/cursos\/wp-content\/uploads\/2023\/11\/Prancheta-1-150x150.png 150w, https:\/\/sindiracoes.org.br\/cursos\/wp-content\/uploads\/2023\/11\/Prancheta-1-768x768.png 768w, https:\/\/sindiracoes.org.br\/cursos\/wp-content\/uploads\/2023\/11\/Prancheta-1.png 1200w\" sizes=\"(max-width: 1024px) 100vw, 1024px\" \/>\t\t\t\t\t\t\t\t\t\t\t\t\t\t\t<\/div>\n\t\t\t\t<\/div>\n\t\t\t\t<div class=\"elementor-element elementor-element-d9976f3 elementor-widget elementor-widget-heading\" data-id=\"d9976f3\" data-element_type=\"widget\" data-e-type=\"widget\" data-widget_type=\"heading.default\">\n\t\t\t\t<div class=\"elementor-widget-container\">\n\t\t\t\t\t<h3 class=\"elementor-heading-title elementor-size-default\">APPCC<\/h3>\t\t\t\t<\/div>\n\t\t\t\t<\/div>\n\t\t\t\t<div class=\"elementor-element elementor-element-fdc58f5 elementor-widget elementor-widget-heading\" data-id=\"fdc58f5\" data-element_type=\"widget\" data-e-type=\"widget\" data-widget_type=\"heading.default\">\n\t\t\t\t<div class=\"elementor-widget-container\">\n\t\t\t\t\t<h4 class=\"elementor-heading-title elementor-size-default\">VERS\u00c3O CODEX ALIMENTARIUS 2020\n<\/h4>\t\t\t\t<\/div>\n\t\t\t\t<\/div>\n\t\t\t\t<div class=\"elementor-element elementor-element-54fe02e elementor-widget elementor-widget-text-editor\" data-id=\"54fe02e\" data-element_type=\"widget\" data-e-type=\"widget\" data-widget_type=\"text-editor.default\">\n\t\t\t\t<div class=\"elementor-widget-container\">\n\t\t\t\t\t\t\t\t\t<p><strong>INSCRI\u00c7\u00c3O:<\/strong><\/p><ul><li>R$ 2.375,00 <strong>associado Sindira\u00e7\u00f5es<\/strong><\/li><li>R$ 2.640,00 <strong>associado ASBRAM<\/strong><\/li><li>R$ 2.890,00 <strong>n\u00e3o associado<\/strong><\/li><\/ul><p><strong>TURMAS 2026:<\/strong><\/p><p>01 e 02 de abril<br \/>29 e 30 de julho<br \/>05 e 06 de novembro<\/p>\t\t\t\t\t\t\t\t<\/div>\n\t\t\t\t<\/div>\n\t\t\t\t<div class=\"elementor-element elementor-element-9399519 elementor-align-justify elementor-widget elementor-widget-button\" data-id=\"9399519\" data-element_type=\"widget\" data-e-type=\"widget\" data-widget_type=\"button.default\">\n\t\t\t\t<div class=\"elementor-widget-container\">\n\t\t\t\t\t\t\t\t\t<div class=\"elementor-button-wrapper\">\n\t\t\t\t\t<a class=\"elementor-button elementor-button-link elementor-size-sm\" href=\"#elementor-action%3Aaction%3Dpopup%3Aopen%26settings%3DeyJpZCI6IjE5MCIsInRvZ2dsZSI6ZmFsc2V9\">\n\t\t\t\t\t\t<span class=\"elementor-button-content-wrapper\">\n\t\t\t\t\t\t\t\t\t<span class=\"elementor-button-text\">Fa\u00e7a sua Inscri\u00e7\u00e3o<\/span>\n\t\t\t\t\t<\/span>\n\t\t\t\t\t<\/a>\n\t\t\t\t<\/div>\n\t\t\t\t\t\t\t\t<\/div>\n\t\t\t\t<\/div>\n\t\t\t\t\t<\/div>\n\t\t<\/div>\n\t\t\t\t\t<\/div>\n\t\t<\/section>\n\t\t\t\t\t<\/div>\n\t\t<\/div>\n\t\t\t\t\t<\/div>\n\t\t<\/section>\n\t\t\t\t<section class=\"elementor-section elementor-top-section elementor-element elementor-element-3b2e69d elementor-section-height-min-height elementor-section-boxed elementor-section-height-default elementor-section-items-middle\" data-id=\"3b2e69d\" data-element_type=\"section\" data-e-type=\"section\" data-settings=\"{&quot;background_background&quot;:&quot;classic&quot;}\">\n\t\t\t\t\t\t<div class=\"elementor-container elementor-column-gap-default\">\n\t\t\t\t\t<div class=\"elementor-column elementor-col-100 elementor-top-column elementor-element elementor-element-b7dc22e\" data-id=\"b7dc22e\" data-element_type=\"column\" data-e-type=\"column\">\n\t\t\t<div class=\"elementor-widget-wrap elementor-element-populated\">\n\t\t\t\t\t\t<section class=\"elementor-section elementor-inner-section elementor-element elementor-element-d26c1eb elementor-section-boxed elementor-section-height-default elementor-section-height-default\" data-id=\"d26c1eb\" data-element_type=\"section\" data-e-type=\"section\">\n\t\t\t\t\t\t<div class=\"elementor-container elementor-column-gap-default\">\n\t\t\t\t\t<div class=\"elementor-column elementor-col-50 elementor-inner-column elementor-element elementor-element-dbc89b7\" data-id=\"dbc89b7\" data-element_type=\"column\" data-e-type=\"column\">\n\t\t\t<div class=\"elementor-widget-wrap elementor-element-populated\">\n\t\t\t\t\t\t<div class=\"elementor-element elementor-element-8f8c5d0 elementor-widget elementor-widget-heading\" data-id=\"8f8c5d0\" data-element_type=\"widget\" data-e-type=\"widget\" data-widget_type=\"heading.default\">\n\t\t\t\t<div class=\"elementor-widget-container\">\n\t\t\t\t\t<h2 class=\"elementor-heading-title elementor-size-default\">Contato<\/h2>\t\t\t\t<\/div>\n\t\t\t\t<\/div>\n\t\t\t\t<div class=\"elementor-element elementor-element-6e62327 elementor-widget elementor-widget-text-editor\" data-id=\"6e62327\" data-element_type=\"widget\" data-e-type=\"widget\" data-widget_type=\"text-editor.default\">\n\t\t\t\t<div class=\"elementor-widget-container\">\n\t\t\t\t\t\t\t\t\tcontato@sindiracoes.org.br<br>\n+55 (11) 3541 1212\t\t\t\t\t\t\t\t<\/div>\n\t\t\t\t<\/div>\n\t\t\t\t\t<\/div>\n\t\t<\/div>\n\t\t\t\t<div class=\"elementor-column elementor-col-50 elementor-inner-column elementor-element elementor-element-8bac3ed\" data-id=\"8bac3ed\" data-element_type=\"column\" data-e-type=\"column\">\n\t\t\t<div class=\"elementor-widget-wrap elementor-element-populated\">\n\t\t\t\t\t\t<div class=\"elementor-element elementor-element-3b0b1fb elementor-widget elementor-widget-heading\" data-id=\"3b0b1fb\" data-element_type=\"widget\" data-e-type=\"widget\" data-widget_type=\"heading.default\">\n\t\t\t\t<div class=\"elementor-widget-container\">\n\t\t\t\t\t<h2 class=\"elementor-heading-title elementor-size-default\">Endere\u00e7o<\/h2>\t\t\t\t<\/div>\n\t\t\t\t<\/div>\n\t\t\t\t<div class=\"elementor-element elementor-element-1310174 elementor-widget elementor-widget-text-editor\" data-id=\"1310174\" data-element_type=\"widget\" data-e-type=\"widget\" data-widget_type=\"text-editor.default\">\n\t\t\t\t<div class=\"elementor-widget-container\">\n\t\t\t\t\t\t\t\t\tAvenida Paulista, 1313 &#8211; 10\u00b0 andar<br>\nCjs. 1050 e 1060 &#8211; Bela vista<br>\nS\u00e3o Paulo\/SP &#8211; Brasil<br>\n01311-923\t\t\t\t\t\t\t\t<\/div>\n\t\t\t\t<\/div>\n\t\t\t\t\t<\/div>\n\t\t<\/div>\n\t\t\t\t\t<\/div>\n\t\t<\/section>\n\t\t\t\t\t<\/div>\n\t\t<\/div>\n\t\t\t\t\t<\/div>\n\t\t<\/section>\n\t\t\t\t<\/div>\n\t\t","protected":false},"excerpt":{"rendered":"<p>APPCC VERS\u00c3O CODEX ALIMENTARIUS 2020 O sistema APPCC revisado e atualizado. O sistema HACCP, de base cient\u00edfica e sistem\u00e1tica, identifica perigos espec\u00edficos e medidas para seu controle para garantir a seguran\u00e7a dos alimentos. HACCP \u00e9 uma ferramenta para avaliar os perigos e estabelecer sistemas de controle que se concentram em medidas de controle para perigos [&hellip;]<\/p>\n","protected":false},"author":1,"featured_media":0,"parent":0,"menu_order":0,"comment_status":"closed","ping_status":"closed","template":"elementor_canvas","meta":{"inline_featured_image":false,"footnotes":""},"class_list":["post-38","page","type-page","status-publish","hentry"],"yoast_head":"<!-- This site is optimized with the Yoast SEO plugin v27.4 - https:\/\/yoast.com\/product\/yoast-seo-wordpress\/ -->\n<title>APPCC | Vers\u00e3o Codex Alimentarius 2020 - Sindira\u00e7\u00f5es<\/title>\n<meta name=\"robots\" content=\"index, follow, max-snippet:-1, max-image-preview:large, max-video-preview:-1\" \/>\n<link rel=\"canonical\" href=\"https:\/\/sindiracoes.org.br\/cursos\/appcc-versao-codex-alimentarius-2020\/\" \/>\n<meta property=\"og:locale\" content=\"pt_BR\" \/>\n<meta property=\"og:type\" content=\"article\" \/>\n<meta property=\"og:title\" content=\"APPCC | Vers\u00e3o Codex Alimentarius 2020 - Sindira\u00e7\u00f5es\" \/>\n<meta property=\"og:description\" content=\"APPCC VERS\u00c3O CODEX ALIMENTARIUS 2020 O sistema APPCC revisado e atualizado. O sistema HACCP, de base cient\u00edfica e sistem\u00e1tica, identifica perigos espec\u00edficos e medidas para seu controle para garantir a seguran\u00e7a dos alimentos. HACCP \u00e9 uma ferramenta para avaliar os perigos e estabelecer sistemas de controle que se concentram em medidas de controle para perigos [&hellip;]\" \/>\n<meta property=\"og:url\" content=\"https:\/\/sindiracoes.org.br\/cursos\/appcc-versao-codex-alimentarius-2020\/\" \/>\n<meta property=\"og:site_name\" content=\"Sindira\u00e7\u00f5es\" \/>\n<meta property=\"article:modified_time\" content=\"2026-02-03T12:06:37+00:00\" \/>\n<meta name=\"twitter:card\" content=\"summary_large_image\" \/>\n<meta name=\"twitter:label1\" content=\"Est. tempo de leitura\" \/>\n\t<meta name=\"twitter:data1\" content=\"4 minutos\" \/>\n<script type=\"application\/ld+json\" class=\"yoast-schema-graph\">{\"@context\":\"https:\\\/\\\/schema.org\",\"@graph\":[{\"@type\":\"WebPage\",\"@id\":\"https:\\\/\\\/sindiracoes.org.br\\\/cursos\\\/appcc-versao-codex-alimentarius-2020\\\/\",\"url\":\"https:\\\/\\\/sindiracoes.org.br\\\/cursos\\\/appcc-versao-codex-alimentarius-2020\\\/\",\"name\":\"APPCC | Vers\u00e3o Codex Alimentarius 2020 - Sindira\u00e7\u00f5es\",\"isPartOf\":{\"@id\":\"https:\\\/\\\/sindiracoes.org.br\\\/cursos\\\/#website\"},\"primaryImageOfPage\":{\"@id\":\"https:\\\/\\\/sindiracoes.org.br\\\/cursos\\\/appcc-versao-codex-alimentarius-2020\\\/#primaryimage\"},\"image\":{\"@id\":\"https:\\\/\\\/sindiracoes.org.br\\\/cursos\\\/appcc-versao-codex-alimentarius-2020\\\/#primaryimage\"},\"thumbnailUrl\":\"https:\\\/\\\/sindiracoes.org.br\\\/cursos\\\/wp-content\\\/uploads\\\/2024\\\/03\\\/s_cursos_vertical_1_397x300.svg\",\"datePublished\":\"2022-08-08T07:10:23+00:00\",\"dateModified\":\"2026-02-03T12:06:37+00:00\",\"breadcrumb\":{\"@id\":\"https:\\\/\\\/sindiracoes.org.br\\\/cursos\\\/appcc-versao-codex-alimentarius-2020\\\/#breadcrumb\"},\"inLanguage\":\"pt-BR\",\"potentialAction\":[{\"@type\":\"ReadAction\",\"target\":[\"https:\\\/\\\/sindiracoes.org.br\\\/cursos\\\/appcc-versao-codex-alimentarius-2020\\\/\"]}]},{\"@type\":\"ImageObject\",\"inLanguage\":\"pt-BR\",\"@id\":\"https:\\\/\\\/sindiracoes.org.br\\\/cursos\\\/appcc-versao-codex-alimentarius-2020\\\/#primaryimage\",\"url\":\"https:\\\/\\\/sindiracoes.org.br\\\/cursos\\\/wp-content\\\/uploads\\\/2024\\\/03\\\/s_cursos_vertical_1_397x300.svg\",\"contentUrl\":\"https:\\\/\\\/sindiracoes.org.br\\\/cursos\\\/wp-content\\\/uploads\\\/2024\\\/03\\\/s_cursos_vertical_1_397x300.svg\",\"width\":397,\"height\":300},{\"@type\":\"BreadcrumbList\",\"@id\":\"https:\\\/\\\/sindiracoes.org.br\\\/cursos\\\/appcc-versao-codex-alimentarius-2020\\\/#breadcrumb\",\"itemListElement\":[{\"@type\":\"ListItem\",\"position\":1,\"name\":\"In\u00edcio\",\"item\":\"https:\\\/\\\/sindiracoes.org.br\\\/cursos\\\/\"},{\"@type\":\"ListItem\",\"position\":2,\"name\":\"APPCC | Vers\u00e3o Codex Alimentarius 2020\"}]},{\"@type\":\"WebSite\",\"@id\":\"https:\\\/\\\/sindiracoes.org.br\\\/cursos\\\/#website\",\"url\":\"https:\\\/\\\/sindiracoes.org.br\\\/cursos\\\/\",\"name\":\"Sindira\u00e7\u00f5es\",\"description\":\"Cursos\",\"potentialAction\":[{\"@type\":\"SearchAction\",\"target\":{\"@type\":\"EntryPoint\",\"urlTemplate\":\"https:\\\/\\\/sindiracoes.org.br\\\/cursos\\\/?s={search_term_string}\"},\"query-input\":{\"@type\":\"PropertyValueSpecification\",\"valueRequired\":true,\"valueName\":\"search_term_string\"}}],\"inLanguage\":\"pt-BR\"}]}<\/script>\n<!-- \/ Yoast SEO plugin. -->","yoast_head_json":{"title":"APPCC | Vers\u00e3o Codex Alimentarius 2020 - Sindira\u00e7\u00f5es","robots":{"index":"index","follow":"follow","max-snippet":"max-snippet:-1","max-image-preview":"max-image-preview:large","max-video-preview":"max-video-preview:-1"},"canonical":"https:\/\/sindiracoes.org.br\/cursos\/appcc-versao-codex-alimentarius-2020\/","og_locale":"pt_BR","og_type":"article","og_title":"APPCC | Vers\u00e3o Codex Alimentarius 2020 - Sindira\u00e7\u00f5es","og_description":"APPCC VERS\u00c3O CODEX ALIMENTARIUS 2020 O sistema APPCC revisado e atualizado. O sistema HACCP, de base cient\u00edfica e sistem\u00e1tica, identifica perigos espec\u00edficos e medidas para seu controle para garantir a seguran\u00e7a dos alimentos. HACCP \u00e9 uma ferramenta para avaliar os perigos e estabelecer sistemas de controle que se concentram em medidas de controle para perigos [&hellip;]","og_url":"https:\/\/sindiracoes.org.br\/cursos\/appcc-versao-codex-alimentarius-2020\/","og_site_name":"Sindira\u00e7\u00f5es","article_modified_time":"2026-02-03T12:06:37+00:00","twitter_card":"summary_large_image","twitter_misc":{"Est. tempo de leitura":"4 minutos"},"schema":{"@context":"https:\/\/schema.org","@graph":[{"@type":"WebPage","@id":"https:\/\/sindiracoes.org.br\/cursos\/appcc-versao-codex-alimentarius-2020\/","url":"https:\/\/sindiracoes.org.br\/cursos\/appcc-versao-codex-alimentarius-2020\/","name":"APPCC | Vers\u00e3o Codex Alimentarius 2020 - Sindira\u00e7\u00f5es","isPartOf":{"@id":"https:\/\/sindiracoes.org.br\/cursos\/#website"},"primaryImageOfPage":{"@id":"https:\/\/sindiracoes.org.br\/cursos\/appcc-versao-codex-alimentarius-2020\/#primaryimage"},"image":{"@id":"https:\/\/sindiracoes.org.br\/cursos\/appcc-versao-codex-alimentarius-2020\/#primaryimage"},"thumbnailUrl":"https:\/\/sindiracoes.org.br\/cursos\/wp-content\/uploads\/2024\/03\/s_cursos_vertical_1_397x300.svg","datePublished":"2022-08-08T07:10:23+00:00","dateModified":"2026-02-03T12:06:37+00:00","breadcrumb":{"@id":"https:\/\/sindiracoes.org.br\/cursos\/appcc-versao-codex-alimentarius-2020\/#breadcrumb"},"inLanguage":"pt-BR","potentialAction":[{"@type":"ReadAction","target":["https:\/\/sindiracoes.org.br\/cursos\/appcc-versao-codex-alimentarius-2020\/"]}]},{"@type":"ImageObject","inLanguage":"pt-BR","@id":"https:\/\/sindiracoes.org.br\/cursos\/appcc-versao-codex-alimentarius-2020\/#primaryimage","url":"https:\/\/sindiracoes.org.br\/cursos\/wp-content\/uploads\/2024\/03\/s_cursos_vertical_1_397x300.svg","contentUrl":"https:\/\/sindiracoes.org.br\/cursos\/wp-content\/uploads\/2024\/03\/s_cursos_vertical_1_397x300.svg","width":397,"height":300},{"@type":"BreadcrumbList","@id":"https:\/\/sindiracoes.org.br\/cursos\/appcc-versao-codex-alimentarius-2020\/#breadcrumb","itemListElement":[{"@type":"ListItem","position":1,"name":"In\u00edcio","item":"https:\/\/sindiracoes.org.br\/cursos\/"},{"@type":"ListItem","position":2,"name":"APPCC | Vers\u00e3o Codex Alimentarius 2020"}]},{"@type":"WebSite","@id":"https:\/\/sindiracoes.org.br\/cursos\/#website","url":"https:\/\/sindiracoes.org.br\/cursos\/","name":"Sindira\u00e7\u00f5es","description":"Cursos","potentialAction":[{"@type":"SearchAction","target":{"@type":"EntryPoint","urlTemplate":"https:\/\/sindiracoes.org.br\/cursos\/?s={search_term_string}"},"query-input":{"@type":"PropertyValueSpecification","valueRequired":true,"valueName":"search_term_string"}}],"inLanguage":"pt-BR"}]}},"_links":{"self":[{"href":"https:\/\/sindiracoes.org.br\/cursos\/wp-json\/wp\/v2\/pages\/38","targetHints":{"allow":["GET"]}}],"collection":[{"href":"https:\/\/sindiracoes.org.br\/cursos\/wp-json\/wp\/v2\/pages"}],"about":[{"href":"https:\/\/sindiracoes.org.br\/cursos\/wp-json\/wp\/v2\/types\/page"}],"author":[{"embeddable":true,"href":"https:\/\/sindiracoes.org.br\/cursos\/wp-json\/wp\/v2\/users\/1"}],"replies":[{"embeddable":true,"href":"https:\/\/sindiracoes.org.br\/cursos\/wp-json\/wp\/v2\/comments?post=38"}],"version-history":[{"count":203,"href":"https:\/\/sindiracoes.org.br\/cursos\/wp-json\/wp\/v2\/pages\/38\/revisions"}],"predecessor-version":[{"id":1606,"href":"https:\/\/sindiracoes.org.br\/cursos\/wp-json\/wp\/v2\/pages\/38\/revisions\/1606"}],"wp:attachment":[{"href":"https:\/\/sindiracoes.org.br\/cursos\/wp-json\/wp\/v2\/media?parent=38"}],"curies":[{"name":"wp","href":"https:\/\/api.w.org\/{rel}","templated":true}]}}